 = -27*n + 25*n - 94. Let r(h) = 4*h**3 - 2*h**2 - 4*h - 3. Let v be r(4). What is the highest common factor of v and f?
41
Let g(j) = -5*j. Let c(f) = -6*f. Let k be 46/12 + 1/6. Let y(b) = k*g(b) - 3*c(b). Let t be y(-7). What is the greatest common factor of 21 and t?
7
Suppose -9 = -p + u, -u = 2*p - 10 + 1. Let v = p - -82. Let t be (-2)/21*3*-28*1. Calculate the highest common divisor of t and v.
8
Let w(d) = d**2 + 6*d - 3. Let z be w(-9). Let y be 2*19 - (-19 + 9). What is the highest common divisor of z and y?
24
Let k(j) = j**2 + 19*j + 8. Let n be k(-13). Let f be (n - 0)*1/2*-2. What is the greatest common divisor of f and 42?
14
Let p be (152/24 + -6)*120. What is the highest common divisor of 16 and p?
8
Let p(x) = -14*x - 128. Let v be p(-17). Let a be (-6 - -2)/(2/(-5)). What is the highest common divisor of v and a?
10
Suppose 5*x = 24 - 149. Let q = -10 - x. Let p be (-6)/q + (-94)/(-10). What is the greatest common divisor of p and 27?
9
Let g = 534 - 293. Suppose -25 = -5*p, 3*c = -3*p + p + g. Calculate the highest common divisor of 11 and c.
11
Let c(t) = -14*t - 24. Let h be c(-3). Let k = 26 + h. What is the highest common factor of k and 132?
44
Suppose 0 = u - 1, u + 1049 = 31*t - 26*t. Calculate the greatest common factor of 280 and t.
70
Suppose 88*c = 34*c + 6210. Calculate the highest common factor of c and 5.
5
Suppose 0 = -5*p + 25, -3*l + 6*l + 3*p = 21. Suppose 1 = -4*g + 3*g + l*c, -3*g + 17 = -c. What is the greatest common divisor of g and 49?
7
Let n be 13/5 + 16/40. Suppose -d + 5*u + 58 = 0, -3*u + 4 - 118 = -3*d. Calculate the greatest common divisor of n and d.
3
Let x be ((-2)/(-4))/(6/(-1032)*1). Let f = 126 + x. Calculate the highest common divisor of 40 and f.
40
Let l be (39/(351/3906))/(4/2). Calculate the greatest common factor of 49 and l.
7
Let p = 14 - 12. Suppose -5*s = -5*i - 0*i + 70, p*i + s - 31 = 0. Calculate the highest common factor of 20 and i.
5
Let n be (-14)/21 - (-3176)/12. Calculate the greatest common factor of 8 and n.
8
Suppose -2*n + 123 = 3*i, 3*n - 5 = -4*i + 179. Let d = 0 - -24. What is the greatest common factor of d and n?
12
Suppose -2 - 7 = 9*f. Let v be (-56)/(-7) + 3*f. What is the greatest common divisor of 15 and v?
5
Let j be (-2)/(-3) + (-208)/(-48). Let f be (-1)/j + (-546)/(-30). Let z = 24 - 12. Calculate the highest common factor of z and f.
6
Suppose -5*f + 3*m + 43 = -22, 2*m = -2*f + 42. What is the highest common factor of f and 52?
4
Let y(n) = -n - 4. Let o be y(6). Let c be 1215/o*(-8)/6. Suppose 839 = 5*t - 5*v + 49, t - c = -v. Calculate the greatest common factor of 20 and t.
20
Let v(m) = -m**3 + 41*m**2 - 26*m + 7. Let f be v(40). What is the highest common divisor of 126 and f?
63
Let u be 86/7 - 4/14. Suppose 2*w = 2*m - u, -m - 4*w + 22 = -w. Suppose -2*l - 31 = -171. What is the highest common factor of l and m?
10
Let v = -26 - -25. Let c be 94 - 5 - (v/1 - -2). Let m(q) = 12*q**2 - 1. Let n be m(1). Calculate the greatest common divisor of n and c.
11
Let g(q) = -q**3 + 4*q**2 - 3*q + 3. Let n be g(3). Suppose -n = v + 23. Let a = -16 - v. Calculate the greatest common divisor of a and 4.
2
Let a(k) = 41*k**2 + 4*k + 3. Let f be a(-1). Let l be 0 + -3 + -1 + 4. Suppose 25 = 5*n - l. Calculate the highest common factor of n and f.
5
Let b(t) = 49*t**3 - 3*t + 1. Let s be b(1). What is the greatest common divisor of 141 and s?
47
Let b be (-2)/(-3) + 76/3. Let j(x) = x**3 - 5*x**2 - x. Let f be j(6). Let a = f + b. Calculate the highest common divisor of a and 28.
28
Suppose -c = -50 + 2. Let m(x) = x**2 - 21*x + 10. Let j be m(22). Calculate the greatest common factor of c and j.
16
Let s be 646/8 + 2/8. Suppose -4*n + 187 = 7. Suppose 0 = -z + 6*z - n. Calculate the greatest common divisor of s and z.
9
Let p = -5147 + 7287. Calculate the highest common factor of 5 and p.
5
Suppose 0 = -44*i + 37*i + 1134. What is the greatest common divisor of i and 45?
9
Let p be 17 - 21 - ((-115 - -2) + -1). Calculate the greatest common factor of 385 and p.
55
Let u(o) = o**3 - 5*o**2 - 23*o - 4. Let j be u(8). Suppose x = t - 15, 4*t = 2*x - 4*x + 42. What is the greatest common factor of j and t?
4
Let j = -1 - -13. Suppose 0 = 6*a - 7 + 43. Let k = j - a. What is the greatest common divisor of 6 and k?
6
Let r = 330 + -648. Let t = -178 - r. Calculate the highest common factor of 14 and t.
14
Suppose 3*j - 1086 - 495 = 0. What is the greatest common factor of j and 62?
31
Let p = 101 - -265. What is the highest common divisor of p and 61?
61
Suppose -5*f - 5*u + 205 = 70, -2*u = -4. Let x = 33 + f. Calculate the highest common factor of x and 29.
29
Suppose -7*m + 4*u = -2*m - 159, 0 = -5*u - 5. What is the greatest common divisor of m and 155?
31
Let v be 44 - (-13)/((-78)/(-36)). Calculate the greatest common divisor of 20 and v.
10
Let k be ((-3)/6)/((-1)/20). Let p = -300 + 466. Suppose 2*w - 3*n - 48 = -0*n, 4*n - p = -5*w. What is the highest common divisor of k and w?
10
Suppose -f - 27 = -105. Let k = f - 56. What is the highest common divisor of k and 88?
22
Let y be ((-11)/3)/((-1)/3). Let s be (-99)/(-2)*112/252. What is the greatest common divisor of s and y?
11
Let p be 4/(-14) + (-60)/(-14). Suppose -100 = 2*d - 7*d. Calculate the highest common factor of p and d.
4
Let s be ((-49)/28)/((-2)/8). Suppose 5*x = s + 13. Suppose -x*j + 260 = -2*v + 6*v, -v = -4*j - 40. What is the highest common divisor of v and 20?
20
Let t = 885 - 834. What is the highest common factor of 408 and t?
51
Let a = 1304 + -1085. Calculate the greatest common divisor of a and 146.
73
Let h(d) = 2*d**2 - 5*d + 2. Let m be h(3). Suppose -m*y - 42 = -162. What is the greatest common divisor of 32 and y?
8
Let q = -4 + 26. Suppose -s = 5, -2*m + 2*s + 10 = -0. Suppose n - q = -m*n. What is the highest common divisor of 11 and n?
11
Let h(j) = j**2 - 5*j + 3. Let d be h(5). Let o be 123/5 + (-58)/5 + 11. What is the greatest common factor of d and o?
3
Suppose 4*g - 32 = 360. Let y = 191 - 177. What is the greatest common factor of g and y?
14
Suppose 6*a - j = 3*a + 432, 3*a = 2*j + 435. Calculate the highest common divisor of 11 and a.
11
Let o be (-24)/(-54) + 1122/27. What is the highest common factor of o and 56?
14
Let m = 5 - -31. Let o(f) = f + 3. Let w be o(1). Calculate the highest common factor of m and w.
4
Suppose -261 = -2*o + 3*g, -o - 11*g + 7*g + 147 = 0. Calculate the greatest common divisor of o and 60.
15
Let m(n) = n + 7. Let r = 0 - 7. Let h be m(r). Suppose 3*k + h*k - 3*z = 9, 3 = k + 5*z. What is the highest common divisor of k and 3?
3
Let f be ((-32)/(-40))/((-4)/30)*-8. Let g = f - -183. What is the highest common factor of g and 21?
21
Let x(s) = s**3 - 7*s**2 + 5*s + 6. Let c be x(6). Suppose c = -0*w + 2*w - 140. Calculate the highest common divisor of 28 and w.
14
Let o(c) be the first derivative of -c**2/2 + 21*c + 74. Let b be o(16). Let y = 5 + 10. What is the highest common factor of b and y?
5
Let h(b) = 27*b - 98. Let r be h(14). What is the greatest common factor of 20 and r?
20
Let w = 18 + 38. Calculate the greatest common divisor of w and 448.
56
Suppose 0 = 2*n + 5*m - 36, 41 = 3*n + 2*m - 35. What is the greatest common divisor of n and 14?
14
Suppose 2*b - 4*i - 64 = 0, b = 5*i - 2*i + 33. What is the greatest common factor of b and 30?
30
Let x(c) = 7*c - 87. Let y be x(25). Calculate the greatest common factor of 16 and y.
8
Suppose -y - 1 = 0, 22*s + 5*y - 355 = 19*s. Calculate the greatest common divisor of 165 and s.
15
Suppose -2*x = -x + v - 15, 9 = -x + 5*v. What is the greatest common divisor of x and 407?
11
Let o be (-1)/2*(-3 + -1). Suppose 3*n - 35 = -o*n. Suppose 4*b - 48 = -4*v, 17*v + b = 10*v + 54. Calculate the greatest common factor of n and v.
7
Let k = -30 - -41. Suppose 10*w + 30 = k*w. Suppose 3*s = -s + 300. Calculate the greatest common factor of w and s.
15
Let n(k) = 4*k**2 - 4*k + 2. Let b be n(2). Let d = -9 + b. What is the highest common divisor of d and 7?
1
Suppose s = 3*l - 0*l - 18, 0 = -2*s - 3*l + 9. Let i be (-1 + (s - -3))*-26. Let a be i/8 + (-2)/8. Calculate the highest common divisor of a and 3.
3
Suppose 2*c = -5*a, a + 18 = 5*a - 2*c. Suppose 2*o = 10, 18 = 4*b - a*o - 80.